8493, -2*w + 2895404 = 6*a. Is w a composite number?
False
Suppose 2*q = j + 53733, -17960 = 5*q + j - 152310. Is q a composite number?
True
Let h be 1862/2*8/8. Suppose m - 497 = h. Suppose 467 = -0*q + q + 4*j, -3*q - 3*j + m = 0. Is q a prime number?
True
Let q = 51209 - -58997. Is q a composite number?
True
Suppose 117*i - 30787248 = -114*i - 11935107. Is i composite?
False
Let t = 1514336 + -1042587. Is t composite?
False
Suppose 11*d = 14*d + h - 1877, -4*d + 3*h = -2520. Let g = 1234 + d. Is g a composite number?
False
Let u = -226793 - -443684. Suppose 86766 = 2*o - 2*f, 0*o - u = -5*o - f. Is o composite?
True
Suppose -5*m - 10 - 6 = -2*o, 19 = 5*o - 2*m. Suppose 31*b = -20344 + 67340. Suppose 5*q - 4435 = -5*i, b = o*q - 3*i - 1145. Is q composite?
False
Let w(m) = -m**2 + 15*m - 23. Let z be w(13). Suppose 1 = z*c - d, -4*d = -2*d - 10. Suppose c*h - 46 = -0*h. Is h a composite number?
False
Suppose -17*t + 2*j = -19*t + 52848, -8*t - j = -211357. Is t composite?
True
Let l be ((-448)/(-5))/(29/435). Suppose -5*n + 2386 = -l. Let r = n - 59. Is r composite?
True
Let x(z) be the third derivative of -41*z**4/12 + 49*z**3/2 + 83*z**2 + 2. Is x(-13) composite?
False
Let d(u) = -u**3 - 134 + 136 + u**2 - 3*u + 4*u. Let r be d(2). Suppose r = -5*t + 3*c + 3841, -t - 3060 = -5*t - 4*c. Is t a composite number?
True
Is ((-783958)/6)/((-840)/360) a composite number?
False
Let a be 13/((-325)/(-210)) + 2/(-5). Suppose 0*w + 4*w + a = -4*h, 4*h - 2*w = 16. Suppose n + 2*z - 63 = 59, -n = -h*z - 122. Is n a composite number?
True
Is (2 - 1)/(16/(-104336)*2/(-2)) prime?
True
Is 2991224/64*(-16)/(-2) composite?
False
Suppose -2*u + 4*v - 1 = -3*u, -4*v = -3*u + 35. Let b(o) = 2*o**3 - 5*o**2 + 4*o - 27. Let p be b(u). Suppose 0 = -2*g - 10, -2*a = 2*a - 2*g - p. Is a prime?
True
Suppose -12152 = -25*z + 32*z. Let a = z - -2437. Is a prime?
True
Let y(f) = -4 + 3*f + 13 + 5*f - 3*f. Let o be y(-1). Suppose 2*u - 9718 = o*x, 0 = -3*u + 4*x + 9132 + 5447. Is u composite?
False
Suppose 0 = 62*m - 8546895 + 3598838 - 6041381. Is m a composite number?
True
Suppose -5258*s + 1234522 + 1087476 = -5251*s. Is s a prime number?
False
Let c = 1 + 1. Let h(b) = -662*b**3 - b**2 + 49*b + 95. Let w be h(-2). Suppose 5*x + 7*r - 5325 = c*r, 0 = -5*x + 4*r + w. Is x composite?
False
Suppose -30 = -23*u + 17*u. Suppose j - k - 498 - 134 = 0, -2*j + 1267 = -u*k. Is j composite?
False
Let q(i) = 481*i**2 + 22*i + 23. Is q(-8) prime?
True
Let d = 147 - 107. Suppose 0 = -5*v + 10*v + d. Is (-1270)/(-5)*(-76)/v a prime number?
False
Let x(v) = 29*v**3 - 60*v**2 + 502*v - 23. Is x(10) prime?
True
Let h = 312280 + -52413. Is h a composite number?
False
Suppose -29*a = -28*a + 2*w - 1689713, -a + 4*w = -1689683. Is a composite?
False
Let t(n) = -2*n - 16. Let w be t(-14). Suppose 0 = 7*k - w*k - 13725. Let j = -1951 - k. Is j composite?
True
Let o be (-12)/(-30) + (-46)/(-10). Suppose -2*l = -o*l + 21. Suppose 4*m + s = 3214, 4*m - 9*s - 3208 = -l*s. Is m composite?
True
Let q(k) = -k**2 - 2*k. Let p(z) = -540*z**2 + 3*z - 26. Let r(v) = -p(v) + 2*q(v). Is r(5) a prime number?
True
Suppose -3*c - 4*s - 7779 = 0, -4*c = 3*s + 10428 - 63. Let t = c - -4538. Is t prime?
True
Let w(x) = -x**2 - 4*x + 8. Suppose q - 10 = 3*d, -23 = 3*d + 5*q + 17. Let a be w(d). Suppose -2*j - 2*j = 4*n - 5792, -5*j - a*n = -7246. Is j composite?
False
Let l(f) = f**2 + 17*f + 9. Let c be l(-16). Let q be 3/(-6) - c/2. Suppose 1287 + 3118 = 5*k + 5*h, -4*h + 2645 = q*k. Is k composite?
True
Is (-12)/((-48)/632732) + -6 + 4 a prime number?
False
Suppose -36 + 24 = -6*c. Suppose 8*x = 5*x + 2*v + 86285, -3*x = c*v - 86281. Is x prime?
False
Let k = -1616 + 2698. Is k - ((-3 + 2)*-7 + -4) prime?
False
Let z(t) = -1571*t + 7. Let a be z(-8). Suppose 0 = -4*y + d + a, 2*y + 5*d - 7991 = -1720. Is y composite?
True
Suppose 0 = -4*a - 5*n + 74492, -5*n = 5*a - 3*a - 37256. Suppose 63*u - 57*u - a = 0. Is u a prime number?
False
Let w be ((-4)/(-1) - 41169) + 5 + -1. Let j = -26982 - w. Is j prime?
False
Let t be (4 + 33/(-9))/(2/24). Suppose 4*m = 3*n + 6200, -3*m + 0*n - t*n = -4675. Is m a composite number?
False
Suppose a - 3*a = -5*a. Let v be 11/((-1 - (a - 2)) + 0). Suppose -v*n = 7*n - 22068. Is n prime?
False
Let d(t) = 4*t**3 + 7*t**2 + 23*t + 23. Let c be d(-10). Is 2/(-1) - 9/(27/c) a prime number?
False
Suppose -w - 5*r + 18 = 0, -2*r - 26 = -4*w + 24. Let c(g) = 30*g**2 - 9*g + 14. Is c(w) prime?
True
Let w = 13685 + -6130. Is w a prime number?
False
Suppose 77215357 + 425988430 = 389*d. Is d composite?
False
Let p(h) = -h**3 - 52*h**2 + 121*h + 843. Is p(-70) prime?
False
Is 12*(-18)/1404 + (-1845963)/(-13) a composite number?
True
Let x(b) = -2*b - 25. Let y be x(-14). Suppose g - 5*c - 7517 = -y*g, 5*g - 2*c - 9375 = 0. Suppose a - 3*t = -a + 919, -4*a - t + g = 0. Is a prime?
True
Let p(v) = -v**3 - 98*v**2 + 544*v + 73. Is p(-108) prime?
False
Suppose -11 + 2 = -3*n. Let v be (4 - n)*(2 - -7964). Suppose -5*i + v = -3*i. Is i a composite number?
True
Suppose -13*k - 4*j = -11*k + 58678, 2*j + 4 = 0. Let a = -6242 - k. Is a prime?
False
Let m(z) = -4*z**2 + 39*z - 9. Let v(b) = -2*b**2 + 19*b - 5. Let u(k) = 2*m(k) - 5*v(k). Let t be u(8). Let a(q) = 1193*q**2 - 2*q - 2. Is a(t) composite?
False
Let j(x) = -x**2 + 2*x + 1. Let b be j(3). Let r be 8/(-4 - b) + (-201672)/(-2). Is 1/5 - r/(-40) a composite number?
False
Let h = -231 - -63. Let p = h + 1173. Let z = p + -710. Is z a prime number?
False
Let t(x) = 56722*x + 2055. Is t(2) a composite number?
False
Suppose 1921 + 9798 = 8*b - 2977. Is b a composite number?
True
Suppose 4 = 2*n - 4, 5*n = -3*b + 32. Suppose b*p - f - 53 = 0, 2*p - 5*f + f = 44. Is 1071/p - 8/32 composite?
False
Suppose 2*k = -2*y + 8, 3*k + 0*y + 2*y - 9 = 0. Let f be 0 - 136/(4/k). Let s = 65 + f. Is s a prime number?
True
Suppose 0 = 23*u - 30*u - 2079. Let z = u - -212. Let t = z - -122. Is t composite?
False
Let g(q) = 177792*q - 79. Is g(4) a composite number?
False
Is (-50)/36*-15207 + 6/36 a prime number?
True
Suppose -2*a + 4*n + 26549 = -19633, 0 = -n - 5. Is a a prime number?
True
Is ((-20)/(-65))/2 - 88540130/(-910) prime?
False
Suppose 6*p = -16 - 8. Let g be 12*((-7)/(-3) + p). Is (-51392)/g + 9/(-15) a composite number?
True
Let j = -22 - -29. Suppose -5*g = -3*r + 54, -j*r + 3*r + 40 = -4*g. Is (1 - (-16)/g)*-4443 composite?
False
Suppose 3*w - g = -w + 4, -g = -w - 2. Is (-27 - -27) + 1281 + -1 + w composite?
True
Let w(t) = t**2 - 12*t - 10. Suppose -p - 3 = -4*n - 20, -2*p + 27 = -n. Let k be w(p). Suppose 3*h = 4*j - 2219, -5*j = k*h - 2875 + 81. Is j composite?
False
Let f = 239 + 12518. Is f prime?
True
Let l = -138 + 144. Suppose 0 = 4*f + d - 4650, 5*f - 4*d = -l*d + 5811. Is f a composite number?
False
Let g = 163348 + 51411. Is g prime?
True
Let s = 275 + -109. Suppose -4*q - s = -514. Suppose 0 = -v + 874 - q. Is v prime?
True
Suppose 3*d + c = -1 + 10, -c = -3*d + 9. Let p be (2*10/50)/((-3)/(-2400)). Suppose 4*w = 4*i - d*i - 329, -i = -w - p. Is i composite?
False
Let m(t) = t**3 + 20*t**2 + 21*t + 43. Let j be m(-19). Suppose -14*g + 11*g + 9132 = 3*d, -j*d + 2*g + 15234 = 0. Is d prime?
False
Suppose -26*t + 29*t - 8145 = 0. Let w = t - 600. Suppose 0 = 2*o - w - 7327. Is o a prime number?
True
Let w(x) be the third derivative of -5*x**5/2 + 5*x**3/6 - 17*x**2. Let k be w(-2). Let g = 846 + k. Is g prime?
True
Suppose 0*f + 10030 = 5*x - 2*f, -4012 = -2*x - f. Let c = x - 3388. Is 9/(2 + -5) - c/1 a prime number?
False
Suppose -36*l + 959934 = -5*l - 95833. Is l a composite number?
False
Let k(c) = -236806*c**3 + 20*c**2 + 20*c + 1. Is k(-1) composite?
False
Let w = -320 - -323. Suppose 0 = w*z - k - 10831 - 10854, -4*z - 5*k = -28926. Is z a composite number?
False
Let h(g) = -78*g**2 - 16*g + 44. Let r be h(12). Let w = r - -20507. Is w prime?
True
Is 1 + 156240 + (133 - 157) prime?
True
Let r(k) = -26967*k**3 + 7*k**2 - 8*k - 34. Is r(-2) a prime number?
False
Let j(r) = -127*r**3 + 3*r**2 - 8*r + 12. Let m be j(-8). Suppose -15*c + m - 477 = 0. Is c a composite number?
True
Suppose 48*u - 1654793 = 41*u. Is u prime?
True
Let a be (1 - -4) + (21660 - (-10)/(-5)). Let n = a - 10234. Is n a composite number?
True
Let b = 